{"id":84,"date":"2019-03-14T12:12:37","date_gmt":"2019-03-14T11:12:37","guid":{"rendered":"http:\/\/nad-art-therapie.com\/?page_id=84"},"modified":"2020-01-02T16:55:49","modified_gmt":"2020-01-02T15:55:49","slug":"lart-therapie","status":"publish","type":"page","link":"https:\/\/nad-art-therapie.com\/?page_id=84","title":{"rendered":"L&rsquo;art-th\u00e9rapie"},"content":{"rendered":"\n<h2 class=\"wp-block-heading\">Pour qui ?<\/h2>\n\n\n\n<p style=\"text-align:left\">L&rsquo;art-th\u00e9rapie offre \u00e0 tout un chacun la possibilit\u00e9 de gu\u00e9rir, de cheminer, d&rsquo;avancer \u2026 de prendre du recul, d&rsquo;y voir plus clair, de se rencontrer, de se reconnecter, de se d\u00e9couvrir et de d\u00e9couvrir son potentiel cr\u00e9ateur : son pouvoir sur sa vie.<\/p>\n\n\n\n<p>Ce processus de transformation et de gu\u00e9rison est adapt\u00e9 et adaptable \u00e0 tous <\/p>\n\n\n\n<ul class=\"wp-block-list\"><li>\u00e0 chaque \u00e2ge de la vie              <ul><li>enfant             <\/li><li>adulte             <\/li><li>personne \u00e2g\u00e9e             <\/li><\/ul><\/li><\/ul>\n\n\n\n<ul class=\"wp-block-list\"><li>\u00e0 chaque \u00e9tape : parce que chaque passage est une travers\u00e9e, quitter une rive pour en rejoindre une autre, on sait ce que l&rsquo;on quitte (peur de le perdre) et on ne sait pas ce que l&rsquo;on va trouver (peur de l&rsquo;inconnu) et nombreuses sont les \u00e9tapes qui jalonnent une vie :&nbsp;     <ul><li>entr\u00e9e \u00e0 la cr\u00e8che, \u00e0 l&rsquo;\u00e9cole, au coll\u00e8ge, au lyc\u00e9e, dans la vie active, \u00e0 la maison de retraite<\/li><li>passage de la majorit\u00e9, \u00e0 la retraite &#8230;<\/li><li>adolescence, crise de milieu de vie             <\/li><li>parentalit\u00e9<\/li><li>fin de vie<\/li><\/ul><\/li><\/ul>\n\n\n\n<ul class=\"wp-block-list\"><li>\u00e0 toute personne en souffrance :<ul><li>handicap             <\/li><li>maladie             <\/li><li>exclusion             <\/li><li>solitude             <\/li><li>pathologies diverses <\/li><\/ul><\/li><\/ul>\n\n\n\n<hr class=\"wp-block-separator\"\/>\n\n\n\n<ul class=\"wp-block-list\"><li>\u00e0 toute personne int\u00e9ress\u00e9e par une d\u00e9marche de connaissance de Soi, d&rsquo;ouverture, d&rsquo;exp\u00e9rimentation     <\/li><li>aux professionnels de la relation d&rsquo;aide souhaitant enrichir leur pratique     <\/li><li>\u00e0 toute structure (institution, association \u2026) d\u00e9sirant<ul><li>compl\u00e9ter ses propositions d&rsquo;accompagnement et de soin   <\/li><li>proposer une espace d&rsquo;atelier pour le personnel  <\/li><\/ul><\/li><\/ul>\n\n\n\n<h2 class=\"wp-block-heading\" id=\"cc-m-header-6735503018\">Pourquoi \u00a0 consulter \u00a0\u00a0 ?<\/h2>\n\n\n\n<p>Troubles de l&rsquo;attention, de la concentration, agressivit\u00e9, renfermement, isolement <br>Anxi\u00e9t\u00e9, Angoisses <br>Mal \u00eatre, D\u00e9pression, Burn out <br>Addictions<br>Deuil (divorce, licenciement, s\u00e9paration, maladie, accident, vieillissement, mort)<br>Douleurs : parce que notre corps exprime ce que nous avons du mal \u00e0 vivre, \u00e0 exprimer, \u00e0 traverser \u2026<br>Probl\u00e9matiques familiales : les liens, la place, l&rsquo;histoire familiale \u2026<\/p>\n","protected":false},"excerpt":{"rendered":"<p>Pour qui ? L&rsquo;art-th\u00e9rapie offre \u00e0 tout un chacun la possibilit\u00e9 de gu\u00e9rir, de cheminer, d&rsquo;avancer \u2026 de prendre du recul, d&rsquo;y voir plus clair, de se rencontrer, de se reconnecter, de se d\u00e9couvrir et de d\u00e9couvrir son potentiel cr\u00e9ateur : son pouvoir sur sa vie. Ce processus de transformation et de gu\u00e9rison est adapt\u00e9&hellip; <br \/> <a class=\"read-more\" href=\"https:\/\/nad-art-therapie.com\/?page_id=84\">Lire la suite<\/a><\/p>\n","protected":false},"author":1,"featured_media":85,"parent":0,"menu_order":0,"comment_status":"closed","ping_status":"closed","template":"","meta":{"footnotes":""},"class_list":["post-84","page","type-page","status-publish","has-post-thumbnail","hentry"],"_links":{"self":[{"href":"https:\/\/nad-art-therapie.com\/index.php?rest_route=\/wp\/v2\/pages\/84","targetHints":{"allow":["GET"]}}],"collection":[{"href":"https:\/\/nad-art-therapie.com\/index.php?rest_route=\/wp\/v2\/pages"}],"about":[{"href":"https:\/\/nad-art-therapie.com\/index.php?rest_route=\/wp\/v2\/types\/page"}],"author":[{"embeddable":true,"href":"https:\/\/nad-art-therapie.com\/index.php?rest_route=\/wp\/v2\/users\/1"}],"replies":[{"embeddable":true,"href":"https:\/\/nad-art-therapie.com\/index.php?rest_route=%2Fwp%2Fv2%2Fcomments&post=84"}],"version-history":[{"count":5,"href":"https:\/\/nad-art-therapie.com\/index.php?rest_route=\/wp\/v2\/pages\/84\/revisions"}],"predecessor-version":[{"id":97,"href":"https:\/\/nad-art-therapie.com\/index.php?rest_route=\/wp\/v2\/pages\/84\/revisions\/97"}],"wp:featuredmedia":[{"embeddable":true,"href":"https:\/\/nad-art-therapie.com\/index.php?rest_route=\/wp\/v2\/media\/85"}],"wp:attachment":[{"href":"https:\/\/nad-art-therapie.com\/index.php?rest_route=%2Fwp%2Fv2%2Fmedia&parent=84"}],"curies":[{"name":"wp","href":"https:\/\/api.w.org\/{rel}","templated":true}]}}