{"id":418,"date":"2023-12-05T14:12:59","date_gmt":"2023-12-05T13:12:59","guid":{"rendered":"https:\/\/nad-art-therapie.com\/?page_id=418"},"modified":"2023-12-05T14:12:59","modified_gmt":"2023-12-05T13:12:59","slug":"qui-suis-je","status":"publish","type":"page","link":"https:\/\/nad-art-therapie.com\/?page_id=418","title":{"rendered":"QUI SUIS JE ?"},"content":{"rendered":"\n<figure class=\"wp-block-image size-full is-resized\"><img loading=\"lazy\" decoding=\"async\" width=\"549\" height=\"496\" src=\"https:\/\/nad-art-therapie.com\/wp-content\/uploads\/2019\/03\/cropped-20171007_123411-1-2-1.jpg\" alt=\"\" class=\"wp-image-41\" style=\"width:210px;height:auto\" srcset=\"https:\/\/nad-art-therapie.com\/wp-content\/uploads\/2019\/03\/cropped-20171007_123411-1-2-1.jpg 549w, https:\/\/nad-art-therapie.com\/wp-content\/uploads\/2019\/03\/cropped-20171007_123411-1-2-1-300x271.jpg 300w\" sizes=\"auto, (max-width: 549px) 100vw, 549px\" \/><figcaption class=\"wp-element-caption\">En lien avec le vivant depuis ma plus tendre enfance, je suis fi\u00e8re d&rsquo;\u00eatre fille de la terre. <\/figcaption><\/figure>\n\n\n\n<p>Aujourd&rsquo;hui je suis heureuse d&rsquo;accompagner avec humilit\u00e9 et empathie des humains sur leur parcours de vie. Enfants, ados, humains en qu\u00eate de sens, parents, personnes \u00e2g\u00e9es, patients polyhandicap\u00e9s tous ont en commun la vie et l&rsquo;amour. <\/p>\n\n\n\n<p>C&rsquo;est en 2010, apr\u00e8s un d\u00e9but de carri\u00e8re dans l&rsquo;industrie, que  je choisis de me rapprocher de l&rsquo;humain et des valeurs qui me tiennent \u00e0 c\u0153ur. Je me forme durant trois ann\u00e9es \u00e0 l&rsquo;IRFAT (Institut de Recherche et de Formation en Art-Therapie) \u00e0 Avignon. En 2014, j&rsquo;obtiens mon certificat d&rsquo;art-th\u00e9rapeute et depuis j&rsquo;interviens en institution et milieu associatif. Je propose \u00e9galement des accompagnements en lib\u00e9ral.<\/p>\n\n\n\n<p>Maman de trois enfants, je suis riche d&rsquo;une exp\u00e9rience qui ne s&rsquo;apprend nulle part ailleurs.<\/p>\n\n\n\n<p><\/p>\n","protected":false},"excerpt":{"rendered":"<p>Aujourd&rsquo;hui je suis heureuse d&rsquo;accompagner avec humilit\u00e9 et empathie des humains sur leur parcours de vie. Enfants, ados, humains en qu\u00eate de sens, parents, personnes \u00e2g\u00e9es, patients polyhandicap\u00e9s tous ont en commun la vie et l&rsquo;amour. C&rsquo;est en 2010, apr\u00e8s un d\u00e9but de carri\u00e8re dans l&rsquo;industrie, que je choisis de me rapprocher de l&rsquo;humain et&hellip; <br \/> <a class=\"read-more\" href=\"https:\/\/nad-art-therapie.com\/?page_id=418\">Lire la suite<\/a><\/p>\n","protected":false},"author":1,"featured_media":0,"parent":0,"menu_order":0,"comment_status":"closed","ping_status":"closed","template":"","meta":{"footnotes":""},"class_list":["post-418","page","type-page","status-publish","hentry"],"_links":{"self":[{"href":"https:\/\/nad-art-therapie.com\/index.php?rest_route=\/wp\/v2\/pages\/418","targetHints":{"allow":["GET"]}}],"collection":[{"href":"https:\/\/nad-art-therapie.com\/index.php?rest_route=\/wp\/v2\/pages"}],"about":[{"href":"https:\/\/nad-art-therapie.com\/index.php?rest_route=\/wp\/v2\/types\/page"}],"author":[{"embeddable":true,"href":"https:\/\/nad-art-therapie.com\/index.php?rest_route=\/wp\/v2\/users\/1"}],"replies":[{"embeddable":true,"href":"https:\/\/nad-art-therapie.com\/index.php?rest_route=%2Fwp%2Fv2%2Fcomments&post=418"}],"version-history":[{"count":1,"href":"https:\/\/nad-art-therapie.com\/index.php?rest_route=\/wp\/v2\/pages\/418\/revisions"}],"predecessor-version":[{"id":421,"href":"https:\/\/nad-art-therapie.com\/index.php?rest_route=\/wp\/v2\/pages\/418\/revisions\/421"}],"wp:attachment":[{"href":"https:\/\/nad-art-therapie.com\/index.php?rest_route=%2Fwp%2Fv2%2Fmedia&parent=418"}],"curies":[{"name":"wp","href":"https:\/\/api.w.org\/{rel}","templated":true}]}}

<figure class="wp-block-image size-full is-resized"><img loading="lazy" decoding="async" width="549" height="496" src="https://nad-art-therapie.com/wp-content/uploads/2019/03/cropped-20171007_123411-1-2-1.jpg" alt="" class="wp-image-41" style="width:210px;height:auto" srcset="https://nad-art-therapie.com/wp-content/uploads/2019/03/cropped-20171007_123411-1-2-1.jpg 549w, https://nad-art-therapie.com/wp-content/uploads/2019/03/cropped-20171007_123411-1-2-1-300x271.jpg 300w" sizes="auto, (max-width: 549px) 100vw, 549px" /><figcaption class="wp-element-caption">En lien avec le vivant depuis ma plus tendre enfance, je suis fière d&rsquo;être fille de la terre. </figcaption></figure>



<p>Aujourd&rsquo;hui je suis heureuse d&rsquo;accompagner avec humilité et empathie des humains sur leur parcours de vie. Enfants, ados, humains en quête de sens, parents, personnes âgées, patients polyhandicapés tous ont en commun la vie et l&rsquo;amour. </p>



<p>C&rsquo;est en 2010, après un début de carrière dans l&rsquo;industrie, que  je choisis de me rapprocher de l&rsquo;humain et des valeurs qui me tiennent à cœur. Je me forme durant trois années à l&rsquo;IRFAT (Institut de Recherche et de Formation en Art-Therapie) à Avignon. En 2014, j&rsquo;obtiens mon certificat d&rsquo;art-thérapeute et depuis j&rsquo;interviens en institution et milieu associatif. Je propose également des accompagnements en libéral.</p>



<p>Maman de trois enfants, je suis riche d&rsquo;une expérience qui ne s&rsquo;apprend nulle part ailleurs.</p>



<p></p>

<p>Aujourd&rsquo;hui je suis heureuse d&rsquo;accompagner avec humilité et empathie des humains sur leur parcours de vie. Enfants, ados, humains en quête de sens, parents, personnes âgées, patients polyhandicapés tous ont en commun la vie et l&rsquo;amour. C&rsquo;est en 2010, après un début de carrière dans l&rsquo;industrie, que je choisis de me rapprocher de l&rsquo;humain et&hellip; <br /> <a class="read-more" href="https://nad-art-therapie.com/?page_id=418">Lire la suite</a></p>
